80.
75
Calculate the remainder when 34882 is divided by 3838.
340
What is the remainder when 30349725 is divided by 4274?
51
What is the remainder when 461361 is divided by 16477?
5
Calculate the remainder when 527176 is divided by 175391.
1003
What is the remainder when 47846 is divided by 15052?
2690
What is the remainder when 583461 is divided by 115908?
3921
Calculate the remainder when 13839086 is divided by 27.
20
Calculate the remainder when 81450 is divided by 13452.
738
Calculate the remainder when 497634 is divided by 165869.
27
Calculate the remainder when 15053878 is divided by 1986.
1984
Calculate the remainder when 2707172 is divided by 451193.
14
Calculate the remainder when 498718 is divided by 7671.
103
What is the remainder when 706133397 is divided by 200?
197
What is the remainder when 204427 is divided by 759?
256
Calculate the remainder when 13871059 is divided by 140.
139
What is the remainder when 153045 is divided by 9544?
341
What is the remainder when 3753870 is divided by 208546?
42
Calculate the remainder when 9917525 is divided by 8063.
35
What is the remainder when 7762023 is divided by 5867?
5849
What is the remainder when 24236192 is divided by 2413?
20
Calculate the remainder when 3546549 is divided by 1978.
1973
Calculate the remainder when 1242543 is divided by 1242065.
478
What is the remainder when 929087717 is divided by 11?
8
What is the remainder when 223821 is divided by 105944?
11933
Calculate the remainder when 351441148 is divided by 1030.
1028
Calculate the remainder when 287424719 is divided by 73.
67
What is the remainder when 15695637 is divided by 224223?
27
What is the remainder when 100544442 is divided by 154?
152
Calculate the remainder when 6603405 is divided by 865.
860
Calculate the remainder when 143311517 is divided by 24.
5
What is the remainder when 8786577 is divided by 123?
72
What is the remainder when 9011231 is divided by 118568?
63
What is the remainder when 649790 is divided by 3964?
3658
What is the remainder when 18969957 is divided by 170?
167
Calculate the remainder when 6560839 is divided by 1240.
1239
What is the remainder when 401133 is divided by 21110?
43
What is the remainder when 5338109 is divided by 414?
407
What is the remainder when 4954 is divided by 802?
142
What is the remainder when 111659743 is divided by 55829865?
13
What is the remainder when 1075456 is divided by 358471?
43
Calculate the remainder when 21431384 is divided by 68.
28
Calculate the remainder when 19481080 is divided by 253001.
3
What is the remainder when 83807 is divided by 83709?
98
Calculate the remainder when 1053726006 is divided by 10.
6
Calculate the remainder when 92783 is divided by 8320.
1263
What is the remainder when 2028427 is divided by 2028128?
299
What is the remainder when 886375 is divided by 31656?
7
Calculate the remainder when 697219 is divided by 5131.
4534
What is the remainder when 97835974 is divided by 22?
16
Calculate the remainder when 10486142 is divided by 2621518.
70
What is the remainder when 366868 is divided by 31?
14
Calculate the remainder when 2941 is divided by 1148.
645
What is the remainder when 12662 is divided by 418?
122
What is the remainder when 40998 is divided by 6705?
768
What is the remainder when 94058055 is divided by 5392?
7
Calculate the remainder when 460152334 is divided by 267.
262
Calculate the remainder when 77879077 is divided by 505.
502
Calculate the remainder when 1518442 is divided by 36.
34
What is the remainder when 3866526 is divided by 602?
482
Calculate the remainder when 16426620 is divided by 544.
540
Calculate the remainder when 166872 is divided by 1241.
578
Calculate the remainder when 95141 is divided by 42.
11
Calculate the remainder when 4922049 is divided by 1640683.
0
What is the remainder when 24137 is divided by 24110?
27
What is the remainder when 808786455 is divided by 13?
9
Calculate the remainder when 882910 is divided by 562.
8
Calculate the remainder when 2892138 is divided by 171.
15
What is the remainder when 55124 is divided by 383?
355
What is the remainder when 1861272 is divided by 221?
10
What is the remainder when 37161628 is divided by 7388?
7376
Calculate the remainder when 524 is divided by 181.
162
Calculate the remainder when 6232707 is divided by 68490.
117
What is the remainder when 6287920 is divided by 1737?
1717
Calculate the remainder when 419315 is divided by 335.
230
What is the remainder when 7640015 is divided by 333?
329
Calculate the remainder when 48839499 is divided by 950.
949
Calculate the remainder when 43156 is divided by 17489.
8178
Calculate the remainder when 523525 is divided by 4288.
389
What is the remainder when 2358930 is divided by 15519?
42
What is the remainder when 38846 is divided by 856?
326
What is the remainder when 4179846 is divided by 5160?
246
What is the remainder when 1230386 is divided by 305?
16
What is the remainder when 74735 is divided by 627?
122
Calculate the remainder when 918005 is divided by 1492.
425
What is the remainder when 179103 is divided by 44342?
1735
What is the remainder when 32489273 is divided by 361?
356
Calculate the remainder when 2275796 is divided by 14680.
396
What is the remainder when 2024169 is divided by 65295?
24
What is the remainder when 1817176600 is divided by 446?
444
What is the remainder when 427314 is divided by 35608?
18
What is the remainder when 710546 is divided by 2274?
1058
What is the remainder when 36108691 is divided by 2138?
9
What is the remainder when 50454 is divided by 1363?
23
Calculate the remainder when 14349078 is divided by 719.
714
Calculate the remainder when 5283 is divided by 485.
433
Calculate the remainder when 1096651 is divided by 1096646.
5
Calculate the remainder when 14849498 is divided by 20.
18
What is the remainder when 37964620 is divided by 372202?
16
What is the remainder when 34880686 is divided by 11626854?
124
What is the remainder when 1732315 is divided by 302?
43
Calculate the remainder when 7251111 is divided by 39.
36
What is the remainder when 86195 is divided by 43086?
23
What is the remainder when 472879 is divided by 472485?
394
What is the remainder when 28526605 is divided by 9508865?
10
What is the remainder when 658545 is divided by 164598?
153
What is the remainder when 75083590 is divided by 2696?
2686
What is the remainder when 5976 is divided by 663?
9
Calculate the remainder when 189917570 is divided by 202.
200
What is the remainder when 332692 is divided by 1434?
4
What is the remainder when 467731 is divided by 2340?
2071
What is the remainder when 89576 is divided by 6808?
1072
What is the remainder when 15461873 is divided by 2315?
2303
Calculate the remainder when 539130213 is divided by 2131.
2130
What is the remainder when 911427 is divided by 46?
29
What is the remainder when 251665 is divided by 27?
25
Calculate the remainder when 303863 is divided by 15941.
984
Calculate the remainder when 307569 is divided by 4174.
2867
Calculate the remainder when 112973 is divided by 534.
299
Calculate the remainder when 943742 is divided by 1738.
8
Calculate the remainder when 192247 is divided by 125.
122
Calculate the remainder when 26299503 is divided by 57674.
159
Calculate the remainder when 598780 is divided by 43.
5
What is the remainder when 2470 is divided by 12?
10
What is the remainder when 48740988 is divided by 272296?
4
Calculate the remainder when 42355 is divided by 5717.
2336
What is the remainder when 2409716 is divided by 788?
12
Calculate the remainder when 110885403 is divided by 935.
13
Calculate the remainder when 8674564 is divided by 111212.
28
Calculate the remainder when 601346 is divided by 18789.
98
Calculate the remainder when 66053472 is divided by 3602.
3598
What is the remainder when 7563960 is divided by 11601?
108
Calculate the remainder when 5515868 is divided by 4333.
4292
Calculate the remainder when 2647988 is divided by 15.
8
What is the remainder when 106559 is divided by 26374?
1063
What is the remainder when 17771166 is divided by 49919?
2
Calculate the remainder when 1556634 is divided by 8.
2
What is the remainder when 33807 is divided by 118?
59
What is the remainder when 1331882 is divided by 67?
56
Calcula